t common factor of 482 and 28696834?
482
What is the highest common factor of 735 and 2391200?
245
What is the greatest common divisor of 3585 and 1135250?
1195
Calculate the greatest common divisor of 512 and 11876.
4
Calculate the highest common factor of 36 and 990084.
12
Calculate the greatest common factor of 478856 and 765.
17
What is the highest common factor of 540 and 1485270?
270
Calculate the highest common factor of 29237 and 507.
169
What is the highest common factor of 29872 and 16?
16
Calculate the greatest common divisor of 14360 and 1360.
40
Calculate the greatest common divisor of 128943 and 3.
3
What is the highest common factor of 686 and 26411?
343
Calculate the greatest common factor of 40 and 8068.
4
Calculate the highest common factor of 77300 and 5300.
100
What is the highest common factor of 81483 and 106395?
519
What is the highest common factor of 48 and 229434?
6
What is the highest common factor of 253 and 1472?
23
Calculate the highest common factor of 328 and 59614.
82
What is the greatest common divisor of 489 and 11526?
3
What is the greatest common factor of 33 and 10538?
11
What is the highest common factor of 501 and 600866?
167
What is the greatest common factor of 200 and 109700?
100
Calculate the highest common divisor of 7018 and 3538.
58
What is the highest common divisor of 1153192 and 6392?
376
Calculate the greatest common divisor of 77 and 79079.
77
What is the greatest common factor of 156317 and 10549?
959
What is the greatest common divisor of 7 and 17?
1
What is the highest common divisor of 2102 and 27?
1
What is the highest common divisor of 26 and 110938?
2
Calculate the greatest common divisor of 14 and 5542726.
14
What is the greatest common divisor of 4530 and 710304?
906
What is the greatest common divisor of 14 and 19523?
7
Calculate the greatest common factor of 149024 and 64.
32
What is the greatest common divisor of 80 and 125?
5
Calculate the highest common divisor of 240 and 828.
12
What is the greatest common factor of 7795 and 5?
5
Calculate the greatest common divisor of 15364 and 6486.
46
What is the highest common divisor of 348 and 21547?
29
Calculate the greatest common factor of 80 and 105456.
16
What is the highest common factor of 52114 and 2936?
734
Calculate the greatest common factor of 9523 and 29425.
107
Calculate the greatest common factor of 20169 and 324.
81
Calculate the greatest common divisor of 39008 and 138.
46
What is the greatest common divisor of 8040 and 60?
60
What is the greatest common factor of 2105 and 68623?
421
What is the highest common factor of 342193 and 68?
17
What is the highest common divisor of 68 and 9908?
4
Calculate the highest common factor of 340 and 72505.
85
What is the highest common divisor of 23 and 55223?
23
Calculate the greatest common divisor of 3228287 and 148.
37
What is the greatest common factor of 6312 and 188?
4
Calculate the highest common divisor of 820 and 23534.
82
Calculate the greatest common factor of 33 and 42852.
3
Calculate the highest common divisor of 2322 and 13072.
86
What is the greatest common factor of 1007209 and 266?
133
Calculate the greatest common factor of 152229 and 1318.
659
Calculate the highest common divisor of 20 and 16670.
10
Calculate the highest common divisor of 33 and 690393.
33
What is the greatest common divisor of 14819 and 26061?
511
What is the highest common divisor of 1232 and 4984?
56
What is the highest common factor of 109915 and 589?
19
Calculate the greatest common factor of 30 and 20985.
15
Calculate the highest common factor of 5718 and 594.
6
What is the greatest common divisor of 9820 and 100?
20
Calculate the highest common factor of 12 and 5693424.
12
What is the highest common factor of 12448 and 10114?
778
What is the highest common divisor of 43130 and 152?
38
Calculate the highest common factor of 5290 and 253.
23
What is the highest common divisor of 536984 and 430?
86
Calculate the greatest common divisor of 3202703 and 651.
217
Calculate the greatest common factor of 45402 and 24150.
966
Calculate the greatest common factor of 4351 and 418.
19
What is the greatest common factor of 4440 and 11766?
222
Calculate the highest common factor of 10604 and 88.
44
What is the greatest common divisor of 16898 and 289751?
497
Calculate the highest common divisor of 28 and 1201438.
14
What is the greatest common divisor of 86984 and 21248?
664
What is the greatest common factor of 1562 and 2464?
22
Calculate the highest common divisor of 15012 and 96.
12
What is the highest common factor of 1000416 and 288?
96
What is the highest common factor of 2304 and 584?
8
What is the highest common factor of 3567150 and 20?
10
Calculate the greatest common factor of 2620 and 270.
10
What is the greatest common factor of 23598 and 48830?
38
Calculate the greatest common divisor of 591 and 1434751.
197
Calculate the highest common factor of 48664 and 316.
316
What is the highest common factor of 3245 and 169625?
295
What is the greatest common factor of 152 and 43320?
152
Calculate the highest common factor of 47140 and 180.
20
What is the greatest common factor of 42660 and 255?
15
What is the highest common divisor of 75 and 36165?
15
What is the highest common factor of 1864 and 20408?
8
What is the greatest common divisor of 8898 and 318?
6
Calculate the highest common factor of 2072 and 3423.
7
What is the highest common factor of 10 and 847120?
10
What is the highest common factor of 4928 and 26488?
616
What is the greatest common divisor of 41 and 1801991?
41
What is the highest common divisor of 24208 and 1552?
16
What is the highest common factor of 288665 and 585?
65
Calculate the greatest common factor of 734556 and 1353.
123
Calculate the highest common divisor of 1367 and 2.
1
Calculate the greatest common factor of 39 and 393081.
39
Calculate the highest common divisor of 1026 and 1647.
27
Calculate the greatest common factor of 3800 and 3400.
200
Calculate the greatest common divisor of 270 and 580662.
54
Calculate the highest common factor of 1615387 and 106.
53
What is the greatest common factor of 62916 and 784?
196
Calculate the greatest common divisor of 14870 and 430.
10
Calculate the greatest common factor of 133 and 76152.
19
Calculate the highest common divisor of 32 and 56096.
32
What is the highest common factor of 141 and 36848?
47
What is the greatest common divisor of 9744 and 15232?
112
Calculate the greatest common factor of 109 and 132.
1
Calculate the greatest common factor of 2191 and 315.
7
What is the greatest common divisor of 261 and 1131?
87
What is the greatest common divisor of 20 and 1161120?
20
Calculate the highest common factor of 28782 and 26325.
351
Calculate the highest common factor of 81 and 2592.
81
Calculate the greatest common divisor of 17973 and 45.
9
What is the greatest common divisor of 202 and 71811?
101
Calculate the greatest common divisor of 327 and 15813066.
327
Calculate the greatest common divisor of 4988 and 2784.
116
Calculate the highest common divisor of 808841 and 1265.
253
Calculate the highest common factor of 120 and 180420.
60
What is the highest common divisor of 48 and 73836?
12
What is the highest common factor of 15964 and 4888?
52
Calculate the highest common divisor of 1081 and 107771.
47
Calculate the greatest common divisor of 591 and 132581.
197
Calculate the highest common divisor of 76447 and 1407.
469
Calculate the highest common divisor of 430608 and 12.
12
What is the highest common factor of 2720640 and 1280?
640
What is the highest common factor of 5576 and 425?
17
What is the greatest common factor of 140461 and 5704?
713
What is the highest common divisor of 676 and 58968?
52
Calculate the greatest common divisor of 27018 and 3528.
18
Calculate the greatest common divisor of 5831 and 2142.
119
Calculate the greatest common factor of 81205 and 745.
745
What is the greatest common divisor of 67552 and 96?
32
Calculate the greatest common factor of 20284 and 3227.
461
Calculate the highest common divisor of 100 and 1761725.
25
Calculate the highest common divisor of 31 and 158069.
31
Calculate the highest common factor of 171724 and 196.
28
What is the highest common factor of 13 and 8064667?
1